f j?
5, 7, 1831
Let g be 6/27 + ((-1639911)/27)/(-7). Suppose 12*u - g + 25 = 0. List the prime factors of u.
7, 103
Let t = -4728 - -7768. Suppose -5*x + t = -k, 6*k = -x + 4*k + 597. What are the prime factors of x?
607
Let h = -32 + -73. Let x be (7/h*-5)/((-1)/12). What are the prime factors of (-459)/(-63) - x*2/(-28)?
7
Let m(r) = -2*r**2 - 21*r + 17. Let p be m(-6). Suppose -t + p = 5*f - 4*f, 0 = 5*f + 4*t - 353. List the prime factors of f.
3, 23
Suppose 63*k - 2039862 = 3*k - 126*k. List the prime factors of k.
11, 997
Let m = -390 + 1260. Suppose -9*w = -m - 138. List the prime factors of w.
2, 7
Let r(q) = 60*q**3 + 2*q**2 - 10. What are the prime factors of r(5)?
2, 5, 13, 29
Suppose -3*b + 39241 - 6598 = 5*p, -3*p = 9. What are the prime factors of b?
2, 5443
Let i(j) = -110*j - 4. Let q(w) = -w. Let k(p) = 3*i(p) + 3*q(p). What are the prime factors of k(-2)?
2, 3, 109
Let x(q) = 6*q + 60. Suppose 0 = -5*u + s - 403, -4*u + s - 210 = 112. Let o = 81 + u. List the prime factors of x(o).
2, 3, 5
Suppose -p + 4*y + 8 = 3*y, -4*y = 2*p - 28. What are the prime factors of (752/(-20))/((-4)/p)?
2, 47
Suppose -140*z = -11123180 + 814280. What are the prime factors of z?
3, 5, 4909
Let a(s) = s**3 + 11*s**2 + 7*s + 15. Let y be a(-6). Suppose -y = 2*k - 439. What are the prime factors of k?
11, 13
Let n be (7479/(-7))/(-1) + 204/(-476). Suppose -3908 = -10*h - n. What are the prime factors of h?
2, 71
Suppose 6 = k, -3*d - 56*k + 52*k + 28638 = 0. List the prime factors of d.
2, 19, 251
Suppose -50*q + 55*q - 42032 = -s, 0 = 5*q - 3*s - 42044. List the prime factors of q.
7, 1201
Let r(q) = -8*q**2 + 9*q - 47. Let a(n) = 8*n**2 - 9*n + 48. Let u(p) = 4*a(p) + 3*r(p). List the prime factors of u(8).
491
Suppose 97*n + 5*f - 777 = 96*n, 2*n - 1536 = -4*f. What are the prime factors of n?
2, 3, 127
Suppose 0 = 3*f + d - 12 - 5, -3*d + 23 = 2*f. Suppose 0*i + 2372 = 4*i - 4*j, f*i - 5*j - 2371 = 0. List the prime factors of i.
2, 3, 11
Let h = -46 + 38. Let y(m) be the second derivative of -m**5/10 - 7*m**4/6 + 7*m**3/6 - m**2 + m. List the prime factors of y(h).
2, 5, 7
Suppose 3*f + 3*p - 38295 = 0, -4*f + 34*p - 35*p = -51048. What are the prime factors of f?
7, 1823
Suppose -702*g + 714*g - 420060 = 0. What are the prime factors of g?
5, 7001
Suppose 52 = 2*b + 48. Suppose -b*v + 53 + 137 = 0. List the prime factors of v.
5, 19
Let f = -3143 + 15245. List the prime factors of f.
2, 3, 2017
What are the prime factors of 27201/8 - (-3 - (-400)/128)?
2, 5, 17
Let f = -54 - -58. Suppose f*p = -13 + 49. Suppose p*j - 224 = 2*j. List the prime factors of j.
2
Let x(f) = 7*f**3 + 5*f**2 - 39*f + 99. List the prime factors of x(10).
3, 89
Let f(m) be the second derivative of m**4/12 - m**3/2 + m**2 - 19*m. Let v be f(3). What are the prime factors of ((3 - v) + 4 - 2) + 182?
5, 37
Suppose -42*u + 489311 - 92705 = 0. What are the prime factors of u?
7, 19, 71
Suppose -3*w - w - 5*p + 308 = 0, 0 = -4*w - 3*p + 316. Let m = 272 + w. List the prime factors of m.
2, 3, 59
Let j(y) be the second derivative of y**4/6 - y**3/3 + 4*y**2 - 26*y. Let o be j(-6). Let r = 263 - o. List the prime factors of r.
3, 19
Suppose -5*x + 35046 = -5369. List the prime factors of x.
59, 137
Let o(q) = -2114*q**3 + 3*q**2 - 8. List the prime factors of o(-2).
2, 4229
Suppose 0 = -50*z + 46*z + 136. Suppose 0 = -4*x + 2*i + z, -3*x - 5*i = 2 + 5. Suppose 0 = -53*h + 55*h - x. List the prime factors of h.
3
Suppose 0 = 37*b - 17*b - 1060. Suppose -42*f + b*f - 2893 = 0. What are the prime factors of f?
263
Suppose -345*v + 350*v = 33340. What are the prime factors of v?
2, 1667
Suppose 132795 - 214749 = -21*k + 428955. What are the prime factors of k?
24329
Let a(h) = h**2. Let g be a(2). Let r = -4187 + 4677. Suppose 3*q - 5*q - g*u + r = 0, -5*u - 15 = 0. What are the prime factors of q?
251
Suppose 5004*z = 5021*z - 421447. What are the prime factors of z?
13, 1907
Suppose -20*c = -25*c + 1130. Let q = c - -258. What are the prime factors of q?
2, 11
Let q(o) = o + 135. Let r be q(0). Let y = 550 - r. What are the prime factors of y?
5, 83
Let m be (3 + -1)*2712/(2 + 1). Let s = -944 + m. Suppose 3*i = 11*i - s. List the prime factors of i.
2, 3
Suppose 8 - 8 = 12*t. Suppose t = -7*v + 36 + 6. Suppose -b = b - v. List the prime factors of b.
3
Suppose n + 1 = 0, -36028 = -1226*l + 1223*l + 4*n. List the prime factors of l.
2, 19, 79
Suppose 18*w = -19*w + 44326. Suppose 2 = 4*f + t - 3*t, -3*t = 5*f + 14. List the prime factors of f/(-4) - w/(-8).
2, 3, 5
Let b = 94 - 61. Let s be 11/b + 195/9. Suppose -7414 + 1804 = -s*p. List the prime factors of p.
3, 5, 17
Suppose -14*u - 37728 = 10*u. What are the prime factors of 15*(2/(-3) + 1) - u?
19, 83
Let r be (-4940)/15 + (1/(-3))/(-1). List the prime factors of (-188)/r + (-8000)/(-14).
2, 11, 13
Let l be (12 + 3 + -11)*(-342)/(-1). Suppose -3*r - l = -2*t, 3*r = -r. List the prime factors of t.
2, 3, 19
Suppose 10 = 17*q - 15*q. Suppose -4*w + q*n + 1036 = -924, -5*w + 2405 = 5*n. What are the prime factors of w?
5, 97
Let d = 10 - 56. Let y(o) = o**3 + o**2 + 2*o + 60. Let f be y(0). Let n = f - d. List the prime factors of n.
2, 53
Suppose -73*d = -71*d - 14. Suppose -1 = 3*w - 5*l, -9*l = -3*w - d*l + 5. Let r(n) = 21*n - 3. What are the prime factors of r(w)?
2, 3, 5
Suppose 85*s - 9437516 = -30*s - 6*s. What are the prime factors of s?
2, 17, 31, 37
Let f = -11955 + 20149. List the prime factors of f.
2, 17, 241
Let w = 54 + -49. Suppose 0 = -0*d + w*d - 4030. What are the prime factors of d?
2, 13, 31
Let n = -18528 - -38280. List the prime factors of n.
2, 3, 823
Suppose -132 = -18*f + 14*f. Suppose f*u + 11917 - 49603 = 0. List the prime factors of u.
2, 571
Suppose 5*s + 12 = 27. Suppose 2*o - 4*w + 12 = -s*o, -5*w + 15 = o. Suppose o = 15*j - 20*j + 35. List the prime factors of j.
7
Let x = 46 - 47. Let a be x/5*-2 - 168/(-30). Let r(b) = 3*b - 2. List the prime factors of r(a).
2
Suppose -5*i + 0*i = 4*v - 24, 5*v = -20. Suppose 0 = 2*w - i, -5*h + 4*w = 3*w - 131. List the prime factors of h.
3
Let p(n) = -2*n - 9. Let m be p(-7). Suppose -40 = -m*r - 20. Suppose -i = 2*x - 59, -i - 157 = -r*i - x. List the prime factors of i.
3, 17
Suppose 4*k + 4*v = -6 + 154, -4*v = -2*k + 86. Suppose -17602 = -k*q + 13*q. List the prime factors of q.
677
Let w = 32196 + -13629. List the prime factors of w.
3, 2063
Let g be -4*(-3 + 6/12). Suppose 1070 = g*o - 0*o. List the prime factors of o.
107
Let n(v) = -3*v**2 - 13*v - 28. Let m(i) = 4*i**2 + 12*i + 28. Let u(k) = 2*m(k) + 3*n(k). Let g be u(-13). What are the prime factors of ((-1)/(-2))/(g/(-28))?
7
Let u(g) = g**3 - 73*g**2 - 55*g + 209. List the prime factors of u(75).
2, 19, 193
Let g = 638 - 458. What are the prime factors of (-21)/((-2)/g*2)?
3, 5, 7
Suppose 6*k - 10*k = -52. Suppose -k = g + 19. Let s = 35 + g. What are the prime factors of s?
3
Let t = -283 - -275. Let v(i) = -57*i + 109. What are the prime factors of v(t)?
5, 113
Suppose -3*u + 1 = -4*m, -2*u = -3*m - m + 2. Suppose 0 = -m*y - 9*y + 44. Suppose y*z - 21 = 19. What are the prime factors of z?
2, 5
Suppose 209*t = 218*t. Suppose -9*m + 5207 - 878 = t. What are the prime factors of m?
13, 37
Suppose -3*q + 230 + 256 = 0. Suppose q = -3*i - 78. Let o = i + 83. What are the prime factors of o?
3
Let u(q) = 115*q**2 - 8*q - 8. List the prime factors of u(7).
3, 619
Let z(b) = -b**3 + 2*b**2 - 4*b + 3. Let n = 69 + -52. Suppose p - 5 = -4*d - n, 0 = -2*d - 5*p + 12. List the prime factors of z(d).
5, 23
Suppose -69 = -20*l - 29. Suppose -2*u + l*p = -191 - 427, -5*u = -2*p - 1533. What are the prime factors of u?
5, 61
Suppose 30 = 3*c + 5*z - 5751, 5*c - 5*z - 9635 = 0. What are the prime factors of c?
41, 47
Let u(a) = a**3 - 13*a**2 - 7. Suppose -42 + 18 = -4*p. Suppose p*d - 4*d - 28 = 0. What are the prime factors of u(d)?
3, 7
Let l(w) = -7830*w + 1891. What are the prime factors of l(-10)?
80191
Let j(x) = 4*x**3 - 24*x**2 + 11*x - 127. List the prime factors of j(16).
10289
Suppose 4*f - 4*v = 12, -2*v + 5*v = 0. Let b be (f + (-5)/2)*1148. Suppose 3*y = 4*t - b, 144 = -2*t + y + 432. List the prime factors of t.
5, 29
Suppose -r - 5*i = -7, -2*r - 2*i = -0*r + 10. What are the pri